8 + 15 - 9)
11
6 + 6 + (-4 + 6 - 13 - 4)
-3
Calculate 10 - (-15 - -11) - 29 - 7.
-22
Evaluate 7 + -19 + (-29 + -1 - -18).
-24
Evaluate (0 - -2 - (-4 - -4)) + (-10 - 23).
-31
What is 5 + 0 + (1 - -7 - 17)?
-4
What is 68 - 89 - (11 + -39)?
7
-1 + -8 + 20 + (-1 - -8) + 3
21
Calculate 5 - ((-7 - ((-2 - -6) + -15)) + 2).
-1
What is the value of 29 - ((66 - 11) + -1)?
-25
Evaluate 2 - (-2 - (19 - 8)) - 0.
15
What is 11 + 12 + -5 + -29?
-11
Evaluate -6 + -2 + 5 - (-1 - 7) - 20.
-15
What is the value of -2 + 7 + (8 - (4 + -14 + 51))?
-28
What is the value of -10 + -1 + 2 + (-7 + -18 - -23)?
-11
19 - 3 - (10 - -8)
-2
What is the value of -6 - (7 - (14 - 8) - (1 - -14))?
8
What is the value of -5 - (-38 - -39 - (10 - (-3 + 1)))?
6
What is 3 + -1 - 26 - (-17 + 11)?
-18
Evaluate -10 + 10 + (-3 - 7).
-10
What is 2 - (23 + -1 + -21)?
1
What is (-19 - (-64 + 25)) + -21 - (-1 + -4)?
4
(1 - (-3 + 0)) + -29 + 24 + 6
5
What is the value of -9 + (-20 - -13) + 0 - -4?
-12
What is 7 + (-25 - -1) + 11 + 1 + 0?
-5
What is (-6 - 16) + 29 + (-17 - 2)?
-12
(9 - 2) + (0 - 12) + 5 + 10
10
27 + -62 + (5 - -10)
-20
Evaluate (9 - (-1 + 1 + -1 + 5)) + -11.
-6
Evaluate -1 + (-2 - -1) - (102 - 108).
4
What is -6 + (-10 - -10) + 8?
2
(0 - 1) + 3 + (29 - 34) + -3
-6
What is the value of 47 - 47 - (16 + 4 + -9)?
-11
Calculate -6 + 5 + -14 - -8 - -12.
5
Calculate 3 + (-17 - (15 + -16 - (0 + 1))).
-12
(-25 - (19 + -34 + 1)) + 3
-8
-8 + -10 + 26 - (-9 + -9)
26
What is (7 - -11) + -20 + 9?
7
Calculate -2 + 3 + -10 + 2 + 3 + 7.
3
Evaluate -48 + 52 + (1 - -2).
7
Evaluate 3 + 2 + -1 + 17 + (-4 - 44).
-27
What is the value of -14 + (21 - (36 + -11 - 14))?
-4
What is the value of -10 + 7 + 11 - (4 + -8)?
12
What is 85 + -76 + 2 + 1 - 16?
-4
What is 45 - 38 - (-32 - -19 - (-4 - -1))?
17
Evaluate (-30 - -13) + 20 + -12.
-9
(208 - 208 - (7 - (3 + -2))) + -15
-21
Calculate 19 + (9 + -14 + 15 - (3 + 18)).
8
What is (-69 - -30) + 36 - (-22 - 3)?
22
What is the value of -22 - (17 - (-3 + 62))?
20
What is (-12 - -17 - 13) + (-3 - -19)?
8
What is -1 + 1 - -11 - (-12 + (6 - -4))?
13
What is 0 + 1 - 7 - (18 - (-12 + 26))?
-10
Evaluate -2 - -19 - ((-4 - (-9 + -7)) + -6).
11
Calculate (1 - -7) + -25 - -2 - -9.
-6
(11 - 66) + 68 + -38
-25
What is 5 + -3 - (6 - (2 + -6 + -1))?
-9
What is -2 - ((9 - 6) + 1) - -8?
2
Calculate 9 + (6 - (-23 + 17)).
21
What is 2 - (50 + -44 - (4 + -7 + -7))?
-14
What is the value of ((1 - -3) + -4 - -12) + -7?
5
Evaluate (-10 + 15 - (-3 - 1 - 4)) + 4.
17
Evaluate 0 - (5 - (12 - (3 - -9))).
-5
Evaluate 18 - ((16 - 0) + (26 - 40)).
16
Calculate 7 - ((25 - 7) + 4).
-15
-31 - ((-5 + 2 - (3 - 2)) + -4)
-23
-5 - -15 - (11 + -11 - (3 + -11))
2
What is the value of (24 - 41) + 27 + -13?
-3
Evaluate 1 + -7 + 22 - (-78 - -78).
16
Evaluate 0 + (-15 - 1) + -14722 + 14723.
-15
What is the value of 287 + -296 - (-1 + (0 - -10))?
-18
What is (13 - (9 - 2 - -1)) + -9 + 9?
5
Calculate -3 + (0 + 5 - -1 - 2).
1
What is the value of (2 - 19) + 37 - 16?
4
8 + 4 + (-6 + -2 - (-11 - -5))
10
-6 + -1 + -1 + 11 + -6
-3
What is 6 - (-34 - -1 - -6) - (-37 + 35)?
35
What is 1 + -5 - (-7 + (9 - -1 - 3))?
-4
What is the value of -35 + 38 - -4 - 11?
-4
What is the value of (104 - 81) + (-8 - 0 - -2) - 1?
16
What is 2 - 30 - (9 + -24 - 3 - -11)?
-21
Evaluate 28 + (-42 - (1 - 23)).
8
What is -8 + 21 - (3 + (1 - -7))?
2
What is the value of 21 - (-2 - (14 - 15))?
22
What is the value of 13 + -13 + (7 - 4)?
3
Evaluate -4 + -10 + 33 + -14.
5
What is the value of -19 + (-12 - -33) + (-2 - 0 - -1)?
1
What is the value of -48 + 0 - (855 - 935)?
32
(-5 - 18) + -2 + -7 + -3 + 13
-22
Calculate (22 - 51 - -12) + 19.
2
What is the value of -6 - (-8 + 15 + -18)?
5
What is 9 + (15 - 31 - -1)?
-6
-16 + -2 + (28 - 10 - 33)
-33
Calculate 1 + -25 + (-12 + 26 - (9 + -1)).
-18
-9 - -1 - (-32 - (2 + -36))
-10
12 + (19 - 37) - -3
-3
What is the value of (-152 - -152) + (14 - -2) + (2 - 3)?
15
Evaluate 9 - (9 + 10 + -7).
-3
What is the value of -24 - (-24 + -13) - 4?
9
What is -5 + 0 - ((-14 - -2) + (114 - 102))?
-5
Evaluate -2 + -6 + 2 + (-5 - (5 + -7)).
-9
What is the value of -95 + 93 + (0 - -1 - 6)?
-7
What is the value of 12 - (29 - 20) - 4?
-1
What is -57 - (27 + -49 - 8)?
-27
What is the value of -5 + (-9 + 0 - 3) - (9 + -5)?
-21
Calculate 15 - (-20 - (-35 - -12)).
12
What is the value of 20 + -6 + (-21 - -11 - -7)?
11
(-2 + -7 - -7) + 0 + (7 - -1)
6
What is the value of 5 + 8 - (-165 - -153)?
25
Calculate 14 + (-3 - -7) - 14.
4
7 + (-11 - 17) - (-6 - 2)
-13
Calculate -7 + (-16 - -6 - -5 - -3).
-9
11 + -5 + 0 - 1 - (4 - 7)
8
What is (4 - (-10 + 3)) + -6?
5
Calculate -2 - (6 - 13 - -5).
0
Evaluate -13 - (-13 + 15 + -13).
-2
-57 + 58 + (8 - -5)
14
What is -7 + -4 - (-13 + -5) - -13?
20
Evaluate -39 - -16 - -19 - -4.
0
Evaluate 11 - (-10 - (-3 - 4)) - 3.
11
(-127 - -156) + (-1 - 5) + -1 + 7
29
What is the value of -29 + (50 - 21) + 17?
17
What is 132 - 146 - (0 - 10)?
-4
What is (4 - (5 - -4 - -2)) + 4?
-3
-7 - (-1 + -7 + -2 + 4)
-1
Calculate -17 + (40 - (19 + -15 + -14)).
33
Evaluate 0 - (8 + -13 + 1 - 3).
7
What is the value of (30 - 2) + (-18 + -18 - -30)?
22
Evaluate -3 - (-3 - -1) - (41 - 22).
-20
What is the value of -552 + 520 - (0 - 33)?
1
Calculate 2 + ((11 - 10) + -15 - -24).
12
Calculate (-29 - (10 - 18)) + -1 + 2 + -7.
-27
What is the value of -30 - (-1 + 12 - 24)?
-17
What is -9 - (-9 + 20) - -26?
6
What is the value of 46 + -36 - (-3 + 4 + 11)?
-2
Calculate (-72 - (-34 + 9)) + 25.
-22
Calculate 9 + -14 + -4 - -17.
8
Evaluate 4 + 0 + (31 + -59 + 28 - 3).
1
Calculate (-7 + 22 - 3) + -28 + 48.
32
Evaluate 11 - ((2 - 9) + -58 + 90).
-14
What is the value of ((3 - 0) + -7 - -6) + 1 + -7?
-4
What is the value of -49 + 18 + 23 + (-1 - 18 - 0)?
-27
Calculate -20 - (13 + -2 + -30).
-1
-6 - (-4 + -5) - (-40 - -45)
-2
21 - 7 - (3 - -13)
-2
What is -15 - (-26 - -28 - (0 + (5 - 1)))?
-13
What is 6 + (-1 - -4) + 59 + -71?
-3
-6 - (-4 + 18 + -7)
-13
What is (-1 - 12 - (-28 - -32)) + 15?
-2
What is -5 + 23 + (-6 - 10)?
2
What is 13 + -12 + 35 + -18 + (-5 - -1)?
14
Calculate 8 + (13 - (-15 + 70)) + -4.
-38
What is (0 - (3 - -11)) + 11?
-3
(-38 - 1) + (-15 - -23 - -7) + -7
-31
Calculate -6 + 11 + -14 + 14.
5
What is the value of -5 + (7 - ((-2 + 5 - -8) + 0))?
-9
What is (48 - 52) + (-14 - (-3 - -2) - -3)?
-14
What is the value of -5 + -11 + 4 - -16?
4
Evaluate 530 - 531 - (-1 + (12 - 0)).
-12
Evaluate (5 - -4 - 13) + (-15 - -18).
-1
Evaluate -6 - (-4 - (14 + -9 - 13)).
-10
-1 - (39 - 48 - (0 + 2))
10
What is the value of (50 - 58) + (-22 - -4 - -7)?
-19
What is 2 + 5 + -14 - (2 + -9 - -3)?
-3
Calculate (-20 - (2 + -5)) + 31.
14
Calculate -28 + (12 + -4 - -2) - -1.
-17
Evaluate 6 + -4 - (35 + (3 - (5 + 3))).
-28
What is -15 + (32 - 19) + (1 + 1 - 2)?
-2
Calculate (52 - 0) + (-988 - -953).
17
What is 9 + -12 + (-8 - -20)?
9
-24 - -2 - (-107 + 79)
6
What is 109 - 85 - (0 - -23)?
1
Evaluate 6 + (-9 - (-5 - 3)) + 5 + 5.
15
(5 - 13) + -6 + 17 + 5
8
Calculate (2 + -3 - -2) + 9 + 3 + -11.
2
Evaluate -9 - (-2 + -4 - -5) - 0.
-8
Evaluate 3 - (9 + (-5 - 12 - -5)).
6
Evaluate 0 + (4 - 7 - -14).
11
Calculate (2 - (36 - 32)) + -2.
-4
Calculate 0 - 11 - (97 - 113).
5
Evaluate -24 + -2 - (11 + -49).
12
What is the value of -14 - -13 - ((4 - 2) + -6)?
3
What is 0 + -1 + (0 + 0 - -4 - 3)?
0
Evaluate 35 + -19 - (5 + 6).
5
What is the value of (-8 - -16) + -5 + 5?
8
(14 - (21 + -5)) + (-1 - -6) - 20
-17
What is 31 + -77 + 10 - -21?
-15
Evaluate -10 + 2 - (10 + -17 - 5).
4
What is the value of (6 - 2) + -9 + -1 + 3 - 5?
-8
Calculate 3 + -3 + 0 + -4 - (-12 - -6).
2
Evaluate 10 + -7 + -15 + 17 + -11.
-6
Calculate -7 + (13 + (18 - 20) - -13).
17
Evaluate 18 - ((82 - 97) + 16 + -1).
18
(1 - 21) + 2 + 7 + 43 + -45
-13
-105 + 66 + (39 - 1)
-1
What is 2 + 0 + (5 - (9 - 0))?
-2
Calculate -8 + 15 + 19 - 36.
-10
What is the value of -2 - (15 + -10) - -1?
-6
What is 8 - (15 + (-14 - (-10 + 12)))?
9
Calculate 2 + (-10 - 10) + 5.
-13
What is the value of -1 + -14 - (-147 + 119)?
13
-9 + -11 + 4 + 6 - -20
10
-2 + 5 + 3 + -6 + -4
-4
Evaluate 14 + -45 + 23 + -10.
-18
What is -5 - (0 + 0 + 6 + -5 + -14)?
8
What is (-1 - -2 - -1 - (108 + -93)) + 2?
-11
Calculate (-19 - -1 - -4) + (-9 - -9).
-14
What is the value of -22 + 31 - (39 - 31)?
1
What is the value of -6